= -5*b(c) - 11*l(c). Determine n(-13).
17
Suppose 0*m - 9 = -3*m. Suppose -8*p + 6*p = -10, -q = m*p - 20. Let t(w) = -w**2 + 3*w + 3. Calculate t(q).
-7
Let l(f) = 92*f - 17489. Let p be l(190). Let d(n) = 3*n**2 + 20*n - 5. Calculate d(p).
58
Let z(g) be the second derivative of 31*g**3/6 - 19*g**2 - 3*g - 15. Let r(k) = 10*k - 2 - 11 + k. Let f(m) = 17*r(m) - 6*z(m). What is f(-6)?
1
Let r(i) be the first derivative of i**4/24 + 5*i**3/6 - 19*i**2 + 233. Let w(o) be the second derivative of r(o). Determine w(-3).
2
Let h(n) = 2*n**2 - 2*n. Let v(k) = -k**3 + 5*k**2 - 10*k. Let g(x) = -6*h(x) + v(x). Let z = 8 + -15. What is g(z)?
-14
Let f(k) = 2*k**2 + 12*k + 21. Suppose 5*q = -t - 14, 75 = -4*t + 2*q + 41. Determine f(t).
75
Let s = 157 + -159. Let c(x) = 6 + 5*x - x + 2*x - 2*x. Calculate c(s).
-2
Let f = -73 + 81. Suppose f*h - 24 = -0*h. Let c(z) be the second derivative of z**5/20 - z**4/4 + z**3/3 - 2*z**2 + 12*z. Give c(h).
2
Let k(o) = -4*o - 3*o**2 + 3 - o + 2*o**2. Suppose -2*v + 465*t = 462*t + 34, -2*t = -2*v - 26. Determine k(v).
3
Let f be 3/7*(15 - 1). Suppose 2*x + 2*o + f = -16, 10 = -2*o. Let t(u) = u. Let h(p) = p. Let l(s) = -7*h(s) + 6*t(s). What is l(x)?
6
Let r be 13/(26/6) - -4. Let f(g) = 308*g + r - 627*g + 313*g. Determine f(2).
-5
Let a be 1 + -5 - (-87 - -55 - (-21 + -1)). Let u(m) be the third derivative of -m**5/60 + m**4/3 - 7*m**3/6 - m**2. Give u(a).
5
Let a = 106 + -109. Let s be a/(-5) - 16/(-40). Let c(v) = -1 - 7*v - 4*v + 9*v. Determine c(s).
-3
Suppose 8*b - 42 = 3*b - 2*k, -b - 6 = 4*k. Let r be (90/b)/(9/15). Let s(g) = -g**2 + 14*g + 17. Give s(r).
2
Let j(u) be the first derivative of -3*u**2/2 - 128*u + 11228. Determine j(-26).
-50
Let z be (-9 + 50/20 + 7)*(1 - 1). Suppose 5*j = o, 5*j = -4*o + o. Let w(r) = -r - 6 + 3 + z + j. What is w(-5)?
2
Let i(l) = 13*l - 149. Let g(d) = -5*d**3 - 46*d**2 - 55*d - 44. Let c be g(-8). What is i(c)?
7
Suppose -7*u + 1 = -6*u. Let h(z) = z + 2. Let k(b) = -5*b - 14. Let v(m) = u*k(m) + 6*h(m). What is v(0)?
-2
Let s(p) = -2 + 12 - 4 - 4. Let z(c) be the second derivative of -c**3/6 + c**2 - 20*c. Let a(h) = -4*s(h) + 3*z(h). Determine a(4).
-14
Suppose 3*c - 39 = -5*f, 3*c = 3*f - c - 6. Let n be -2*(f + (3 - 7)). Let t(z) = -3*z**2 + 6*z**2 + 5 - 3*z + 10*z - z**2. What is t(n)?
9
Let p = -10 - -2. Let l(k) = 3*k**2 - 7*k - 11. Let v(q) = 2*q**2 + 2*q - 2. Let c(y) = l(y) - 2*v(y). What is c(p)?
17
Let h = -39 - -74. Let p = h + -36. Let v(r) = -5*r**2 - 3*r + 15. Let g(w) = -w**2 + w + 1. Let j(f) = p*v(f) + 6*g(f). Calculate j(7).
5
Let h(t) = t**2 + 3*t - 3. Let l be (1 - 2)*(-16)/((-8)/(-2)). Let w(n) = n - 1. Let x be w(l). Calculate h(x).
15
Let r(x) be the first derivative of x**4/4 - 4*x**3 - 6*x**2 - 2*x + 1825. Give r(13).
11
Let j(y) be the second derivative of -y**3/6 + y**2 - 7*y - 25. Let q = -100 - -105. Calculate j(q).
-3
Let d(y) = -y**3 + 9*y**2 - 8*y + 10. Let n = -18555 - -18563. Determine d(n).
10
Suppose 14*r - 200 = 9*r. Suppose 3*g = -0*n + 5*n - r, 0 = -5*g - 5*n. Let d(z) = 2*z - 5*z**3 + 6*z**2 - 5 - 5*z**3 + 11*z**3. What is d(g)?
10
Suppose -5*q - 2*s = -948, 20*q - 2*s = 21*q - 188. Suppose 0 = -44*v + 6*v - q. Let j(i) = -i**2 - 5*i + 7. Give j(v).
7
Let f(n) = -2 - 1 - 4*n + 0*n**2 - 2*n**2 - 2*n**2. Let s be (-6)/4*7/21*(-2 - -8). Give f(s).
-27
Let a(n) = -n**3 - 12*n**2 + 31*n + 39. Let z(d) = 71*d + 128. Let h be z(-2). Determine a(h).
-3
Let y(b) be the first derivative of 7*b**2/2 + 1438. Let i(j) = -j**3 + 4*j**2 - 2. Let c be i(2). Let h(x) = -x**2 + 7*x - 5. Let z be h(c). Determine y(z).
7
Let t(d) = 229092*d - 17 + 39 - 229079*d. What is t(-2)?
-4
Let b(z) = -4*z - 10*z + 16*z**2 - 16 + 19*z - 16 - 15*z**2. What is b(-10)?
18
Let m(b) = b - 9. Let p(r) = 2*r - 27. Let o(g) = -4*m(g) + p(g). Let j(u) = -7 - 4*u - u**3 + 2*u + 1 + 6*u**2. Let c be j(5). Calculate o(c).
-9
Let v(p) = 296*p - 292. Let f be v(1). Let s(l) = 9*l - 6. Let c(a) = 19*a - 12. Let q(r) = -2*c(r) + 5*s(r). Give q(f).
22
Suppose -6*r - 19 = -7*r. Let v = r - 10. Let p(n) = 5*n - v*n - 1 - 3*n - n. Give p(-1).
7
Let o(v) = -114*v + 1250. Let m be o(11). Let k(y) = -2*y**3 - 4*y**2 + 7*y + 4. Determine k(m).
40
Let s(q) = -4 + q + 3*q + 5*q + q**2 + 7*q - 3*q. Calculate s(6).
110
Let w(n) = n**3 - 11*n**2 - n + 19. Suppose -109*k - 514 = -1713. What is w(k)?
8
Let g(j) = -2*j**3 + 14*j**2 - 5*j - 9. Let d be g(8). Let h = d - -174. Let b(o) = -5*o - 7. Calculate b(h).
8
Let x(g) = -8*g + 14. Let m = -2797 - -2800. Determine x(m).
-10
Let l(d) be the first derivative of -d**2/2 - d - 123. Suppose -354*w + 358*w + 16 = 0. What is l(w)?
3
Let x(f) = 8*f - 235 + 108 + 103. Calculate x(8).
40
Let y(s) = -s**3 + 110*s**2 - 21*s + 43. Let h(o) = o**3 - 92*o**2 + 21*o - 42. Let j(b) = -5*h(b) - 4*y(b). What is j(19)?
0
Let d(p) = 6*p**2 - 10*p + 5. Let w be d(3). Let s(a) = a - 2*a + 0 - 4 + w - 16. Give s(9).
0
Suppose -2*i = -5*l + 5, 5*l + 2*i + 5 = 6*i. Let a = 10 - -2. Let c be a/9*9/l. Let g(y) = y**2 - 2*y - 5. Determine g(c).
3
Suppose -5*z + 11*z - 30 = 0. Let h(u) = -3*u**2 + u - 6*u - 4*u**2 + 8*u**2 - 1. What is h(z)?
-1
Let p(f) = -f**3 - 2*f**2 + 2*f. Let x(l) = -l**3 + 8*l**2 - 11*l - 12. Let r(u) = 2*p(u) - x(u). Give r(-13).
-14
Suppose 5*v = 4*s + 30, 3*v + 5*s - 20 + 2 = 0. Let r(q) = -16*q + 98. Calculate r(v).
2
Let f(q) be the first derivative of -q**5/120 - 7*q**4/24 + 52*q**3/3 - 26. Let b(r) be the third derivative of f(r). What is b(-8)?
1
Let x(q) be the second derivative of -q**7/1260 - q**6/120 + q**5/24 + 20*q**4/3 - 96*q. Let n(p) be the third derivative of x(p). What is n(-4)?
-3
Let y(w) = -3 + 118871*w - w**3 - 8 + 1 - 118899*w - 16*w**2. Calculate y(-14).
-10
Let k(b) = -2*b - 77 + 59 + 65. Determine k(18).
11
Let s(c) = 6*c + 6. Let b(d) = 3. Let t(n) = n - 12. Let y(r) = 9*b(r) + 2*t(r). Let i(v) = s(v) - 2*y(v). Suppose -3*a = -0*a - 3. Calculate i(a).
2
Let x(y) be the third derivative of -y**5/60 + 5*y**4/8 - 11*y**3/3 - 2*y**2 + 1871. Give x(9).
32
Suppose -20*c + 119*c = 13464. Suppose 121*q = -c*q + 270*q. Let y(d) = 24 - 2*d + 3*d**3 + d - 2*d**3 - d**2. Give y(q).
24
Let a(u) = 7*u**2 - 15*u - 24. Let r(v) = 6*v**2 - 12*v - 22. Let i(j) = -5*a(j) + 6*r(j). Give i(5).
28
Let p(q) = -q**3 + 5*q**2 + 25*q - 5. Let j be p(8). Let z(t) = 7*t - 2*t - j*t - 8*t. Calculate z(-1).
6
Let x(c) = 38*c + 2. Suppose 4*i - 4*h - 32 = 0, -3*i - 11 = -17*h + 19*h. Give x(i).
40
Let t(d) = -d**3 - d**2 + 2*d + 1. Suppose -9*a + 11*a - 10 = 0. Suppose -r = -a*o + 21, -4*r - 4*o = -6*o + 12. Calculate t(r).
-1
Let i(k) = -6*k + 0*k + 8*k - 3. Let r be i(3). Let f(p) = 7 + 20 - 37 + 14 + 2*p. Give f(r).
10
Let m(a) be the third derivative of -a**6/120 + a**5/15 + a**4/6 - 5*a**3/6 + 13*a**2. Let q(l) = 21*l**2 + 18*l + 2. Let j be q(-1). Give m(j).
-10
Let o(k) = 14 - 10*k**2 + 2*k**2 - 1938*k + 15 + k**3 - 2*k**3 + 1933*k. What is o(-7)?
15
Let i(h) = -h**3 + 15*h**2 + h - 11. Let x(c) = c**3 - 14*c**2 - c + 11. Let g(f) = 3*i(f) + 4*x(f). Let o = -2987 + 2998. Determine g(o).
0
Suppose 0 = -4*b - 49 - 23. Let x = -13 - b. Let p(c) = 2*c - 2. Let u(q) = q - 1. Let l(t) = 3*p(t) - 5*u(t). Determine l(x).
4
Suppose 2*s = -2*u - 24, u - s + 6 = -0*s. Let y(o) be the third derivative of o**5/60 + 3*o**4/8 - o**3 + 24722*o**2. Give y(u).
-6
Let g(t) = -t**3 + 19*t**2 + 24*t - 62. Let p be g(20). Let j(n) = -p*n + 17 + 23*n - 4*n. Determine j(-13).
4
Let p(y) = -54*y + 67. Let j(u) = 25*u - 31. Let n(m) = -13*j(m) - 6*p(m). Calculate n(-3).
4
Let b(c) be the first derivative of -c**3/3 + c**2/2 - 102. Let k be b(3). Let d(x) = -x - 6. Calculate d(k).
0
Let f(k) = -20*k - 2. Let l(i) = -26*i - 3. Suppose -9 = -54*m + 207. Let v(b) = m*f(b) - 3*l(b). Let c be 1 - 0 - (-3 + -1). Give v(c).
-9
Let c(q) = -4*q**2 + 16*q - 24. Suppose 0 = -195*k + 207*k - 9 - 15. Determine c(k).
-8
Suppose -4*q = 5*x + 16, -q = -2 + 6. Let i(p) = -p**3 - 2*p**2 - 3*p + 9. Determine i(x).
9
Let v(c) be the first derivative of 9*c**4 + c**2 - c + 887. Calculate v(1).
37
Let r(s) = 2*s + 6. Let t(y) = 2*y**2 - 8*y + 4. Let z be t(4). Suppose -z*n - n = 100. Let f = -27 - n. Give r(f).
-8
Let q(d) = -5*d + 1 - 4 - d**2 + 11*d. Suppose 1 = 2*j - j - u, 2*j 